, 13
Let p = 9 + 13. Suppose -p = 3*a - 4*a - 2*i, -108 = -4*a + 2*i. Suppose a + 40 = 3*m. What are the prime factors of m?
2, 11
Let c(q) = -42*q**2 - 49*q**2 + 89*q**2 + 3 + 5 + q**3 - 9*q. What are the prime factors of c(5)?
2, 19
Suppose -5*b + 3*i - 81 = -8*b, -12 = -b - 4*i. Suppose 4*s = -2*n + 226, 2*n + 3*s = b + 189. List the prime factors of n.
103
List the prime factors of (5 + -1949)/(-6) - 5/(-1).
7, 47
Let a be 6*(-5)/18*-3. Let f(l) = -l**3 + 7*l**2 - 4*l - 5. Let z be f(6). Suppose z*s - 48 = a*s. List the prime factors of s.
2, 3
Suppose 0 = -2*k + 7*k - 25. Let u(l) = k*l - l + 7 - 7. List the prime factors of u(3).
2, 3
Suppose 5*i = 2*a - 637, -a + 336 = 17*i - 16*i. What are the prime factors of a?
331
Suppose -2*l + c = -8, 4*l - 6*c = -2*c + 24. What are the prime factors of (-1)/l*-4 - -112?
2, 3, 19
List the prime factors of 463 + -2 + -5*3/(-15).
2, 3, 7, 11
List the prime factors of 2/(28/77486) - (-100)/350.
3, 5, 41
Suppose 3*t + 2*t - 21 = -r, 0 = 5*t - 2*r - 33. Suppose 4*u + 1 = t. List the prime factors of (u - -68)*1/3.
23
Let j(w) = -w - w**3 + 19 + 3*w**3 + 7*w**2 - w**3. Let a be (-6 + 5)/((-2)/(-12)). List the prime factors of j(a).
61
Let d(y) = 66*y**2 - y - 5. List the prime factors of d(3).
2, 293
Suppose -d + 2*f - 6*f + 4 = 0, -2*d = -2*f + 2. Suppose -4*n - 1 + 21 = d. Suppose n*m = m + 140. What are the prime factors of m?
5, 7
Suppose 0 = 9*y + 24*y - 44451. List the prime factors of y.
3, 449
Suppose -33386 = -10*m + 12134. List the prime factors of m.
2, 569
Suppose -33*o - 5084 = -37358. What are the prime factors of o?
2, 3, 163
Let y = 542 + -541. Let v(u) = 4*u + 3. Let g be v(4). Let p = y + g. List the prime factors of p.
2, 5
Let d = -18 - -20. Suppose l + 2*f + 1 = -0, 0 = -d*f + 2. Let r(o) = o**3 + 6*o**2 + 2. What are the prime factors of r(l)?
29
Suppose -100*t + 2470 = -98*t. What are the prime factors of t?
5, 13, 19
Let n(z) = 40*z**2 + 3*z - 4. Let t(c) = -c - 7. Let w be t(-8). What are the prime factors of n(w)?
3, 13
Suppose -k - 4 = 0, z - 5*z = 4*k - 872. What are the prime factors of z?
2, 3, 37
Let h(o) = o**2 + 13*o - 12. Let v be h(-14). Suppose -5*z = -0*z + v*t - 231, -2*t = -5*z + 219. Suppose -2*j - 3*j = -z. What are the prime factors of j?
3
Let j be 32/(-16)*(-4 - 1). Suppose -k = j*k - 869. What are the prime factors of k?
79
Let q = 168 - 166. Suppose b + 45 = -q*i + 196, -297 = -4*i - 3*b. List the prime factors of i.
2, 3, 13
Let j be 90/4 - 1*(-4)/(-8). Suppose -j*s + 492 = -19*s. List the prime factors of s.
2, 41
Suppose -543 = -2*d - i, -d - d + 5*i = -537. List the prime factors of d.
271
Let y(f) be the third derivative of -f**6/120 + f**5/60 + f**4/24 + f**3/3 + 4*f**2. Let r be y(2). What are the prime factors of (23 - r)*1 + 3?
2, 13
Let c be (0/4)/(-1 - 0). Suppose c*l = 2*l - 64. What are the prime factors of l?
2
Let g = 5 - 4. Let p(j) = -1 - 2 + g - 7*j. What are the prime factors of p(-2)?
2, 3
Let j(x) = 41*x**2 + 1. Let u be j(1). Let r be -1*(-40 - (-4 - -5)). Suppose -5*d - 2*p + r = 0, -11 + u = 4*d + p. List the prime factors of d.
7
Let w be -2*5 + (-1 - -3). What are the prime factors of 125/((-26)/(-39)*(-6)/w)?
2, 5
Suppose 2*h + 1 = 11. Suppose -4*x - 8 = -h*k - 18, x = 4*k - 3. Suppose -4*y - 5*l = -102, -5*y - k*l + 121 = l. List the prime factors of y.
23
Let b(d) = -d**3 - d**2 + 15. Let m be b(0). Suppose -284 + 1169 = m*u. List the prime factors of u.
59
Let r(k) be the second derivative of 7*k**4/12 - k**3/6 + 9*k**2/2 + 4*k. Let p(b) be the first derivative of r(b). What are the prime factors of p(2)?
3
Let c(x) = -3*x - 17. Let p be c(-7). What are the prime factors of p + (39 - (3 - -1))?
3, 13
Let w(b) = 8 + 3*b - 3*b**2 - b**3 + 4*b - 2*b**2. Let q be w(-6). Suppose -q*r + 53 = -69. What are the prime factors of r?
61
Let l be (6/(-15))/(27/30 + -1). Suppose 0 = -5*h - l*i + 596, -4*h + 479 = 3*i + 2. List the prime factors of h.
2, 3, 5
Let c(n) = -18*n + 126. What are the prime factors of c(-14)?
2, 3, 7
Let o = 2 - 0. Suppose -6 = -o*p - p. Suppose -p*y + 5*q - 24 = -4*y, -4*y + 48 = q. List the prime factors of y.
2, 3
Let u(j) = 2*j**2 - 10*j + 12. Let r be u(5). Let f(o) = -o**3 - 7*o**2 - 9*o - 8. Let p be f(-6). Suppose -l + p = -r. What are the prime factors of l?
2, 11
List the prime factors of (2/(-10))/(19/(-29830)).
2, 157
Let k = 13 - 12. Let h be 3 + 1 - k - -1. Suppose h*p - 16 = -0*p. List the prime factors of p.
2
Suppose -4*y - 3*u - 27 = 0, -11 = 2*y - 0*u + u. Suppose q + q = 0. Let l = q - y. List the prime factors of l.
3
Suppose 31*t - 4135 = -5*n + 28*t, n - t - 827 = 0. List the prime factors of n.
827
Let j(h) = 10*h + 13*h - 22*h + 7 + 5*h**2 - 21. List the prime factors of j(6).
2, 43
Suppose 2*g - 4 = 4*g. Let x be -1 - (g + -1 + -1). Suppose -x*f + 129 = -0*f. What are the prime factors of f?
43
Let q = 15 + -14. Let f be (-75 + q)/(1/(-2)). Suppose -5*l - 5*k = -0*l - 135, 4*k = 4*l - f. What are the prime factors of l?
2
Let d(c) = c - 3. Suppose -3*l - l - 3*m + 18 = 0, -7 = -3*l + m. Let v be d(l). List the prime factors of (2 + -5)*(-13 + v).
3, 13
Suppose -23*s + 22 = -24. Suppose h = 6*m - 3*m + 341, -2*m = -s*h + 662. List the prime factors of h.
2, 163
Let h be 1 + -1 + -2 - -5. Let b = 6 - 4. Suppose z = l - b*l + 25, -h*l - 40 = -2*z. What are the prime factors of z?
23
Let v(i) = -i**3 + 11*i**2 - 14*i + 5. Let y(u) = -u**3 - 16*u**2 - 14*u + 24. Let p be y(-15). What are the prime factors of v(p)?
41
List the prime factors of 17479/21 - ((-14)/(-6) - 2).
2, 13
Let a = -1155 - -1916. List the prime factors of a.
761
Let a(b) = b**2 + 9*b - 1. Let v(o) = o**2 + 10*o - 2. Let y(c) = 7*a(c) - 6*v(c). What are the prime factors of y(0)?
5
List the prime factors of (-42)/(-7)*25/2 - -7.
2, 41
Suppose -4*q + 4*s = -44, 3*q - 4*s = 21 + 17. Suppose 0 = q*j + 6 - 150. What are the prime factors of j?
2, 3
Let m be 2/(-11) + 9714/66. Suppose -v + 4*v = m. List the prime factors of v.
7
Let u be 2*(-4)/16*2. What are the prime factors of 4 - (-65)/(u + 2)?
3, 23
Suppose 0 = -y - 2. Let s(l) = 3*l - 9. Let u be s(6). List the prime factors of 159/u - y/(-3).
17
Suppose 4*x - 345 = -45. Suppose -3*o + 0*d + x = -3*d, -5*d = 5*o - 115. List the prime factors of o.
2, 3
Let d be (96/36)/(4/(-30)). Let x = 16 + d. Let h(b) = -b**3 - 3*b**2 + 3*b + 5. List the prime factors of h(x).
3
Suppose 2*f + f = 18. Let y = 19 + f. Suppose -2*k + 7 = -y. List the prime factors of k.
2
Suppose 6 = 2*b - 34. Let a = 22 - b. Suppose -2*o - 35 = -3*n + 26, 0 = a*o - 2. List the prime factors of n.
3, 7
Let r(f) = 67*f + 83. What are the prime factors of r(5)?
2, 11, 19
Let y be (2 + 2)*10/8. Let b = -5 + y. Suppose -2*p - 2*p = -3*c + 75, p = b. What are the prime factors of c?
5
List the prime factors of (-6)/8 - 110162/(-152).
2, 181
Let b = 6481 - 3263. List the prime factors of b.
2, 1609
Let d(p) = -36*p**3 - 2*p**2 - p + 1. Let t be d(-2). Suppose -7*i + t = -165. List the prime factors of i.
2
Let g be (12/(-10))/((-9)/60). Suppose -g*t + 5*t = 0. Suppose t = 2*w - 65 + 15. List the prime factors of w.
5
Let q(i) = 1. Let y(b) = -97*b - 2. Let h(o) = -3*q(o) - y(o). What are the prime factors of h(1)?
2, 3
Let i(a) be the second derivative of 11*a**4/12 - 3*a**2/2 + a - 6. List the prime factors of i(3).
2, 3
Let w(x) be the second derivative of x**5/4 + x**4/12 - x**3/6 + 5*x. Let i be w(1). Suppose -j + 3 = -i. What are the prime factors of j?
2
Suppose z = -1 + 17. Suppose z = -r + 46. List the prime factors of r.
2, 3, 5
Let u be -1*(-1 - 4 - -2). Suppose 5*v - i - 27 = u*i, -4*i = 4*v - 36. Suppose -2*k + v*k = 300. List the prime factors of k.
2, 3, 5
Suppose -35*p + 41*p = 1452. What are the prime factors of p?
2, 11
Let v be 7/1 + (2 - 2). Let z = 1 + v. List the prime factors of 7*1*(z - 5).
3, 7
Let g(w) = -2*w**2 - w + 1. Let p be g(1). What are the prime factors of 1/(2*p/(-480))?
2, 3, 5
Suppose 8 = -u - 4*p, -3*u - 5*p + 2*p = -3. Suppose 16 = u*w - 256. What are the prime factors of w?
2, 17
Suppose 0 = -3*n + b + 21 + 1, 0 = n + 2*b - 5. Let l be (-321)/(-21) - 2/n. Suppose -3*r - l = -0*r, 0 = 2*j - 4*r - 30. List the prime factors of j.
5
Let h(z) = -67*z + 6. What are the prime